 is the highest common divisor of 209 and 1?
1
Calculate the highest common divisor of 158 and 79.
79
Calculate the highest common divisor of 574 and 28.
14
What is the highest common divisor of 817 and 323?
19
What is the greatest common divisor of 78 and 1261?
13
What is the highest common factor of 27 and 22383?
27
Calculate the greatest common divisor of 7359 and 33.
33
What is the highest common divisor of 36960 and 112?
112
Calculate the greatest common divisor of 224 and 2784.
32
Calculate the greatest common divisor of 18 and 693.
9
What is the highest common divisor of 7833 and 42?
21
Calculate the greatest common factor of 19 and 361.
19
What is the highest common factor of 252 and 28?
28
What is the highest common factor of 136 and 16?
8
Calculate the highest common divisor of 2115 and 1260.
45
What is the highest common factor of 494 and 26?
26
What is the highest common divisor of 78 and 2418?
78
Calculate the highest common factor of 6313 and 59.
59
What is the highest common factor of 1 and 1645?
1
What is the highest common divisor of 1449 and 21?
21
What is the greatest common factor of 4559 and 97?
97
Calculate the highest common factor of 908 and 8.
4
Calculate the greatest common factor of 671 and 11.
11
What is the greatest common divisor of 2192 and 16?
16
What is the greatest common divisor of 4644 and 108?
108
What is the greatest common factor of 1620 and 27?
27
Calculate the greatest common divisor of 11 and 132.
11
What is the greatest common divisor of 1073 and 116?
29
What is the greatest common factor of 305 and 2074?
61
What is the highest common divisor of 4 and 10044?
4
What is the highest common divisor of 5280 and 1232?
176
What is the highest common factor of 15 and 5?
5
Calculate the greatest common divisor of 144 and 468.
36
What is the greatest common divisor of 48 and 128?
16
Calculate the highest common divisor of 50 and 50.
50
What is the greatest common factor of 96 and 102?
6
Calculate the greatest common factor of 176 and 3256.
88
What is the highest common factor of 42 and 2526?
6
Calculate the greatest common factor of 120 and 12696.
24
What is the greatest common divisor of 238 and 364?
14
Calculate the highest common divisor of 4 and 8.
4
What is the highest common factor of 16325 and 50?
25
What is the highest common divisor of 20 and 50?
10
What is the highest common divisor of 20 and 9120?
20
Calculate the greatest common divisor of 205 and 10.
5
Calculate the greatest common divisor of 1190 and 68.
34
Calculate the highest common divisor of 252 and 28.
28
Calculate the greatest common factor of 304 and 190.
38
Calculate the greatest common divisor of 763 and 7.
7
What is the greatest common divisor of 450 and 300?
150
Calculate the highest common factor of 24 and 15.
3
What is the highest common factor of 120 and 5496?
24
What is the highest common divisor of 98 and 112?
14
Calculate the greatest common factor of 1000 and 30.
10
Calculate the greatest common divisor of 2375 and 57.
19
What is the highest common factor of 187 and 1207?
17
What is the highest common factor of 148 and 518?
74
What is the greatest common divisor of 118 and 2?
2
What is the highest common factor of 24075 and 675?
225
What is the highest common factor of 22 and 2794?
22
Calculate the highest common factor of 477 and 53.
53
Calculate the greatest common divisor of 570 and 30.
30
Calculate the highest common divisor of 172 and 4687.
43
Calculate the greatest common factor of 34 and 26.
2
Calculate the highest common factor of 13500 and 20.
20
Calculate the greatest common factor of 318 and 48.
6
What is the greatest common factor of 1250 and 50?
50
What is the greatest common factor of 1749 and 66?
33
What is the highest common factor of 216 and 16?
8
What is the highest common divisor of 455 and 35?
35
What is the highest common factor of 656 and 32?
16
Calculate the highest common divisor of 33 and 11605.
11
What is the greatest common divisor of 395 and 79?
79
What is the greatest common factor of 135 and 1305?
45
What is the highest common divisor of 27 and 14301?
9
What is the highest common factor of 126 and 108?
18
What is the highest common factor of 3538 and 116?
58
What is the highest common factor of 156 and 858?
78
Calculate the greatest common factor of 32 and 1616.
16
Calculate the highest common divisor of 481 and 39.
13
Calculate the highest common divisor of 343 and 28.
7
Calculate the greatest common divisor of 80 and 25.
5
What is the highest common divisor of 31877 and 251?
251
Calculate the highest common divisor of 3627 and 351.
117
Calculate the greatest common factor of 50 and 13925.
25
What is the highest common factor of 10 and 5605?
5
What is the greatest common factor of 84 and 276?
12
Calculate the greatest common factor of 302 and 22.
2
Calculate the highest common divisor of 984 and 228.
12
Calculate the greatest common divisor of 9753 and 3.
3
Calculate the highest common divisor of 2728 and 13299.
341
What is the highest common factor of 2500 and 400?
100
What is the highest common divisor of 59 and 767?
59
What is the highest common factor of 696 and 42?
6
Calculate the highest common factor of 4 and 291.
1
Calculate the greatest common divisor of 23 and 184.
23
What is the highest common factor of 30 and 3810?
30
What is the highest common divisor of 533 and 26?
13
What is the greatest common divisor of 846 and 188?
94
What is the highest common divisor of 25 and 1195?
5
What is the highest common divisor of 702 and 114?
6
What is the highest common divisor of 196 and 245?
49
What is the highest common factor of 624 and 39?
39
Calculate the highest common divisor of 4601 and 43.
43
Calculate the highest common divisor of 6 and 2.
2
Calculate the highest common divisor of 52 and 12766.
26
Calculate the greatest common divisor of 126 and 168.
42
What is the highest common factor of 553 and 217?
7
What is the highest common divisor of 76 and 1216?
76
What is the highest common divisor of 550 and 242?
22
What is the highest common factor of 27 and 99?
9
Calculate the highest common divisor of 55 and 22.
11
Calculate the greatest common divisor of 806 and 182.
26
What is the highest common divisor of 32 and 2048?
32
Calculate the highest common divisor of 12 and 417.
3
Calculate the greatest common divisor of 11544 and 37.
37
Calculate the greatest common divisor of 20 and 590.
10
What is the greatest common divisor of 236 and 1475?
59
What is the greatest common divisor of 1490 and 10?
10
Calculate the greatest common factor of 76 and 494.
38
What is the highest common divisor of 2080 and 195?
65
Calculate the greatest common divisor of 56 and 532.
28
What is the highest common factor of 26 and 1742?
26
What is the greatest common divisor of 75 and 9375?
75
What is the highest common divisor of 72 and 1116?
36
Calculate the highest common factor of 25 and 3925.
25
What is the greatest common factor of 545 and 5?
5
Calculate the highest common factor of 6941 and 33.
11
What is the highest common factor of 880 and 40?
40
Calculate the greatest common divisor of 15863 and 29.
29
Calculate the highest common factor of 782 and 102.
34
Calculate the greatest common factor of 357 and 336.
21
Calculate the greatest common factor of 120 and 48.
24
What is the greatest common factor of 94 and 329?
47
What is the highest common divisor of 45 and 435?
15
Calculate the greatest common divisor of 10 and 1650.
10
Calculate the greatest common divisor of 288 and 486.
18
Calculate the highest common factor of 52 and 104.
52
What is the greatest common factor of 21 and 903?
21
Calculate the highest common divisor of 1156 and 8959.
289
Calculate the highest common factor of 26 and 208.
26
What is the greatest common divisor of 450 and 20?
10
What is the greatest common divisor of 12969 and 524?
131
What is the highest common factor of 48 and 6?
6
What is the greatest common divisor of 61172 and 41?
41
What is the greatest common factor of 17142 and 6?
6
What is the highest common divisor of 48 and 27744?
48
What is the greatest common divisor of 75 and 25?
25
Calculate the greatest common factor of 1100 and 30.
10
What is the highest common divisor of 660 and 120?
60
Calculate the highest common fac